{"id":4,"date":"2012-11-22T15:44:09","date_gmt":"2012-11-22T14:44:09","guid":{"rendered":"http:\/\/www.3dara.de\/blog\/?page_id=4"},"modified":"2019-01-15T19:28:15","modified_gmt":"2019-01-15T18:28:15","slug":"startseite","status":"publish","type":"page","link":"https:\/\/www.3dara.de\/","title":{"rendered":"Willkommen auf den Seiten von FF und Dorfgemeinschaft Reith"},"content":{"rendered":"<p>[vc_row][vc_column][vc_column_text]In erster Linie genutzt und gepflegt von der Freiwilligen Feuerwehr Reith, m\u00f6chten wir hier auf dieser Pr\u00e4senz au\u00dferdem einen Einblick in das d\u00f6rfliche Leben der Ortschaft Reith geben.<\/p>\n<p>Gepr\u00e4gt vom d\u00f6rflichen Charakter, hier kennt man seinen Nachbarn noch, gibt es in regelm\u00e4ssigen Abst\u00e4nden neueste Informationen, Bilder von Ereignissen und Festivit\u00e4ten, einen Ausblick \u00fcber die Terminlandschaft der Feuerwehr und allgemeinen Themen die die Dorfgemeinschaft betreffen.<\/p>\n<p>Es lohnt sich also immer mal wieder vorbei zu schauen.<\/p>\n<p>Unter <a href=\"mailto:kontakt@3dara.de\">kontakt@3dara.de<\/a> k\u00f6nnen Sie auch direkt per Mail mit uns Verbindung aufnehmen.[\/vc_column_text][\/vc_column][\/vc_row][vc_row][vc_column][vc_single_image image=&#8220;908&#8243; img_size=&#8220;large&#8220; alignment=&#8220;center&#8220;][\/vc_column][\/vc_row]<\/p>\n","protected":false},"excerpt":{"rendered":"<p>[vc_row][vc_column][vc_column_text]In erster Linie genutzt und gepflegt von der Freiwilligen Feuerwehr Reith, m\u00f6chten wir hier auf dieser Pr\u00e4senz au\u00dferdem einen Einblick in das d\u00f6rfliche Leben der Ortschaft Reith geben. Gepr\u00e4gt vom d\u00f6rflichen Charakter, hier kennt man seinen Nachbarn noch, gibt es in regelm\u00e4ssigen Abst\u00e4nden neueste Informationen, Bilder von Ereignissen und Festivit\u00e4ten, einen Ausblick \u00fcber die Terminlandschaft [&hellip;]<\/p>\n","protected":false},"author":1,"featured_media":0,"parent":0,"menu_order":0,"comment_status":"closed","ping_status":"closed","template":"","meta":{"footnotes":""},"class_list":["post-4","page","type-page","status-publish","hentry"],"_links":{"self":[{"href":"https:\/\/www.3dara.de\/index.php?rest_route=\/wp\/v2\/pages\/4"}],"collection":[{"href":"https:\/\/www.3dara.de\/index.php?rest_route=\/wp\/v2\/pages"}],"about":[{"href":"https:\/\/www.3dara.de\/index.php?rest_route=\/wp\/v2\/types\/page"}],"author":[{"embeddable":true,"href":"https:\/\/www.3dara.de\/index.php?rest_route=\/wp\/v2\/users\/1"}],"replies":[{"embeddable":true,"href":"https:\/\/www.3dara.de\/index.php?rest_route=%2Fwp%2Fv2%2Fcomments&post=4"}],"version-history":[{"count":12,"href":"https:\/\/www.3dara.de\/index.php?rest_route=\/wp\/v2\/pages\/4\/revisions"}],"predecessor-version":[{"id":1287,"href":"https:\/\/www.3dara.de\/index.php?rest_route=\/wp\/v2\/pages\/4\/revisions\/1287"}],"wp:attachment":[{"href":"https:\/\/www.3dara.de\/index.php?rest_route=%2Fwp%2Fv2%2Fmedia&parent=4"}],"curies":[{"name":"wp","href":"https:\/\/api.w.org\/{rel}","templated":true}]}}